{"id":5935,"date":"2019-07-14T14:04:14","date_gmt":"2019-07-14T14:04:14","guid":{"rendered":"https:\/\/urica.org\/?page_id=5935"},"modified":"2021-06-28T11:03:50","modified_gmt":"2021-06-28T11:03:50","slug":"recherches-et-publications","status":"publish","type":"page","link":"https:\/\/urica.org\/index.php\/recherches-et-publications\/","title":{"rendered":"Recherches et publications"},"content":{"rendered":"\t\t<div data-elementor-type=\"wp-post\" data-elementor-id=\"5935\" class=\"elementor elementor-5935\" data-elementor-settings=\"{&quot;ha_cmc_init_switcher&quot;:&quot;no&quot;}\">\n\t\t\t\t\t\t<section class=\"elementor-section elementor-top-section elementor-element elementor-element-5bc5797e elementor-section-boxed elementor-section-height-default elementor-section-height-default\" data-id=\"5bc5797e\" data-element_type=\"section\" data-e-type=\"section\" data-settings=\"{&quot;background_background&quot;:&quot;classic&quot;,&quot;_ha_eqh_enable&quot;:false}\">\n\t\t\t\t\t\t\t<div class=\"elementor-background-overlay\"><\/div>\n\t\t\t\t\t\t\t<div class=\"elementor-container elementor-column-gap-default\">\n\t\t\t\t\t<div class=\"elementor-column elementor-col-100 elementor-top-column elementor-element elementor-element-1290e42f\" data-id=\"1290e42f\" data-element_type=\"column\" data-e-type=\"column\">\n\t\t\t<div class=\"elementor-widget-wrap elementor-element-populated\">\n\t\t\t\t\t\t<div class=\"elementor-element elementor-element-7970c8c7 elementor-widget elementor-widget-heading\" data-id=\"7970c8c7\" data-element_type=\"widget\" data-e-type=\"widget\" data-widget_type=\"heading.default\">\n\t\t\t\t<div class=\"elementor-widget-container\">\n\t\t\t\t\t<h2 class=\"elementor-heading-title elementor-size-xl\">Programmes de recherche en cours\n<\/h2>\t\t\t\t<\/div>\n\t\t\t\t<\/div>\n\t\t\t\t\t<\/div>\n\t\t<\/div>\n\t\t\t\t\t<\/div>\n\t\t<\/section>\n\t\t\t\t<section class=\"elementor-section elementor-top-section elementor-element elementor-element-76d31ffc elementor-section-boxed elementor-section-height-default elementor-section-height-default\" data-id=\"76d31ffc\" data-element_type=\"section\" data-e-type=\"section\" data-settings=\"{&quot;background_background&quot;:&quot;classic&quot;,&quot;_ha_eqh_enable&quot;:false}\">\n\t\t\t\t\t\t<div class=\"elementor-container elementor-column-gap-default\">\n\t\t\t\t\t<div class=\"elementor-column elementor-col-100 elementor-top-column elementor-element elementor-element-48d2c15e\" data-id=\"48d2c15e\" data-element_type=\"column\" data-e-type=\"column\">\n\t\t\t<div class=\"elementor-widget-wrap elementor-element-populated\">\n\t\t\t\t\t\t<section class=\"elementor-section elementor-inner-section elementor-element elementor-element-6a6ea579 elementor-section-boxed elementor-section-height-default elementor-section-height-default\" data-id=\"6a6ea579\" data-element_type=\"section\" data-e-type=\"section\" data-settings=\"{&quot;background_background&quot;:&quot;classic&quot;,&quot;_ha_eqh_enable&quot;:false}\">\n\t\t\t\t\t\t<div class=\"elementor-container elementor-column-gap-default\">\n\t\t\t\t\t<div class=\"elementor-column elementor-col-50 elementor-inner-column elementor-element elementor-element-619542ab\" data-id=\"619542ab\" data-element_type=\"column\" data-e-type=\"column\">\n\t\t\t<div class=\"elementor-widget-wrap elementor-element-populated\">\n\t\t\t\t\t\t<div class=\"elementor-element elementor-element-56016c91 elementor-widget elementor-widget-image\" data-id=\"56016c91\" data-element_type=\"widget\" data-e-type=\"widget\" data-widget_type=\"image.default\">\n\t\t\t\t<div class=\"elementor-widget-container\">\n\t\t\t\t\t\t\t\t\t\t\t\t\t\t\t\t<a href=\"https:\/\/i0.wp.com\/urica.org\/wp-content\/uploads\/2019\/07\/Affiche-ouverture-officielle-atelier-international-HAJJ.jpg?ssl=1\" data-elementor-open-lightbox=\"yes\" data-elementor-lightbox-title=\"Affiche-ouverture-officielle-atelier-international-HAJJ\" data-e-action-hash=\"#elementor-action%3Aaction%3Dlightbox%26settings%3DeyJpZCI6ODEzMSwidXJsIjoiaHR0cHM6XC9cL3VyaWNhLm9yZ1wvd3AtY29udGVudFwvdXBsb2Fkc1wvMjAxOVwvMDdcL0FmZmljaGUtb3V2ZXJ0dXJlLW9mZmljaWVsbGUtYXRlbGllci1pbnRlcm5hdGlvbmFsLUhBSkouanBnIn0%3D\">\n\t\t\t\t\t\t\t<img fetchpriority=\"high\" decoding=\"async\" width=\"1654\" height=\"2339\" src=\"https:\/\/i0.wp.com\/urica.org\/wp-content\/uploads\/2019\/07\/Affiche-ouverture-officielle-atelier-international-HAJJ.jpg?fit=1654%2C2339&amp;ssl=1\" class=\"attachment-full size-full wp-image-8131\" alt=\"\" srcset=\"https:\/\/i0.wp.com\/urica.org\/wp-content\/uploads\/2019\/07\/Affiche-ouverture-officielle-atelier-international-HAJJ.jpg?w=1654&amp;ssl=1 1654w, https:\/\/i0.wp.com\/urica.org\/wp-content\/uploads\/2019\/07\/Affiche-ouverture-officielle-atelier-international-HAJJ.jpg?resize=212%2C300&amp;ssl=1 212w, https:\/\/i0.wp.com\/urica.org\/wp-content\/uploads\/2019\/07\/Affiche-ouverture-officielle-atelier-international-HAJJ.jpg?resize=768%2C1086&amp;ssl=1 768w, https:\/\/i0.wp.com\/urica.org\/wp-content\/uploads\/2019\/07\/Affiche-ouverture-officielle-atelier-international-HAJJ.jpg?resize=724%2C1024&amp;ssl=1 724w, https:\/\/i0.wp.com\/urica.org\/wp-content\/uploads\/2019\/07\/Affiche-ouverture-officielle-atelier-international-HAJJ.jpg?resize=35%2C50&amp;ssl=1 35w\" sizes=\"(max-width: 1100px) 100vw, 1100px\" \/>\t\t\t\t\t\t\t\t<\/a>\n\t\t\t\t\t\t\t\t\t\t\t\t\t\t\t<\/div>\n\t\t\t\t<\/div>\n\t\t\t\t\t<\/div>\n\t\t<\/div>\n\t\t\t\t<div class=\"elementor-column elementor-col-50 elementor-inner-column elementor-element elementor-element-5dfc2e8a\" data-id=\"5dfc2e8a\" data-element_type=\"column\" data-e-type=\"column\">\n\t\t\t<div class=\"elementor-widget-wrap elementor-element-populated\">\n\t\t\t\t\t\t<div class=\"elementor-element elementor-element-6e49d4d3 elementor-widget elementor-widget-heading\" data-id=\"6e49d4d3\" data-element_type=\"widget\" data-e-type=\"widget\" data-widget_type=\"heading.default\">\n\t\t\t\t<div class=\"elementor-widget-container\">\n\t\t\t\t\t<h2 class=\"elementor-heading-title elementor-size-default\">Hajj<\/h2>\t\t\t\t<\/div>\n\t\t\t\t<\/div>\n\t\t\t\t<div class=\"elementor-element elementor-element-67d5edc6 elementor-widget elementor-widget-text-editor\" data-id=\"67d5edc6\" data-element_type=\"widget\" data-e-type=\"widget\" data-widget_type=\"text-editor.default\">\n\t\t\t\t<div class=\"elementor-widget-container\">\n\t\t\t\t\t\t\t\t\t<p>100 years of Hajj memories in West Africa and the Maghreb<\/p>\t\t\t\t\t\t\t\t<\/div>\n\t\t\t\t<\/div>\n\t\t\t\t\t<\/div>\n\t\t<\/div>\n\t\t\t\t\t<\/div>\n\t\t<\/section>\n\t\t\t\t<section class=\"elementor-section elementor-inner-section elementor-element elementor-element-35417e89 elementor-section-boxed elementor-section-height-default elementor-section-height-default\" data-id=\"35417e89\" data-element_type=\"section\" data-e-type=\"section\" data-settings=\"{&quot;background_background&quot;:&quot;classic&quot;,&quot;_ha_eqh_enable&quot;:false}\">\n\t\t\t\t\t\t<div class=\"elementor-container elementor-column-gap-default\">\n\t\t\t\t\t<div class=\"elementor-column elementor-col-50 elementor-inner-column elementor-element elementor-element-1ab629a6\" data-id=\"1ab629a6\" data-element_type=\"column\" data-e-type=\"column\">\n\t\t\t<div class=\"elementor-widget-wrap elementor-element-populated\">\n\t\t\t\t\t\t<div class=\"elementor-element elementor-element-39351f6a elementor-widget elementor-widget-image\" data-id=\"39351f6a\" data-element_type=\"widget\" data-e-type=\"widget\" data-widget_type=\"image.default\">\n\t\t\t\t<div class=\"elementor-widget-container\">\n\t\t\t\t\t\t\t\t\t\t\t\t\t\t\t\t<a href=\"https:\/\/i0.wp.com\/urica.org\/wp-content\/uploads\/2019\/07\/Couverture-symposium-dance-01.png?ssl=1\" data-elementor-open-lightbox=\"yes\" data-elementor-lightbox-title=\"Couverture-symposium-dance-01\" data-e-action-hash=\"#elementor-action%3Aaction%3Dlightbox%26settings%3DeyJpZCI6ODEzMywidXJsIjoiaHR0cHM6XC9cL3VyaWNhLm9yZ1wvd3AtY29udGVudFwvdXBsb2Fkc1wvMjAxOVwvMDdcL0NvdXZlcnR1cmUtc3ltcG9zaXVtLWRhbmNlLTAxLnBuZyJ9\">\n\t\t\t\t\t\t\t<img decoding=\"async\" width=\"1034\" height=\"1506\" src=\"https:\/\/i0.wp.com\/urica.org\/wp-content\/uploads\/2019\/07\/Couverture-symposium-dance-01.png?fit=1034%2C1506&amp;ssl=1\" class=\"attachment-full size-full wp-image-8133\" alt=\"\" srcset=\"https:\/\/i0.wp.com\/urica.org\/wp-content\/uploads\/2019\/07\/Couverture-symposium-dance-01.png?w=1034&amp;ssl=1 1034w, https:\/\/i0.wp.com\/urica.org\/wp-content\/uploads\/2019\/07\/Couverture-symposium-dance-01.png?resize=206%2C300&amp;ssl=1 206w, https:\/\/i0.wp.com\/urica.org\/wp-content\/uploads\/2019\/07\/Couverture-symposium-dance-01.png?resize=768%2C1119&amp;ssl=1 768w, https:\/\/i0.wp.com\/urica.org\/wp-content\/uploads\/2019\/07\/Couverture-symposium-dance-01.png?resize=703%2C1024&amp;ssl=1 703w, https:\/\/i0.wp.com\/urica.org\/wp-content\/uploads\/2019\/07\/Couverture-symposium-dance-01.png?resize=34%2C50&amp;ssl=1 34w\" sizes=\"(max-width: 1034px) 100vw, 1034px\" \/>\t\t\t\t\t\t\t\t<\/a>\n\t\t\t\t\t\t\t\t\t\t\t\t\t\t\t<\/div>\n\t\t\t\t<\/div>\n\t\t\t\t\t<\/div>\n\t\t<\/div>\n\t\t\t\t<div class=\"elementor-column elementor-col-50 elementor-inner-column elementor-element elementor-element-692923dc\" data-id=\"692923dc\" data-element_type=\"column\" data-e-type=\"column\">\n\t\t\t<div class=\"elementor-widget-wrap elementor-element-populated\">\n\t\t\t\t\t\t<div class=\"elementor-element elementor-element-56abadab elementor-widget elementor-widget-heading\" data-id=\"56abadab\" data-element_type=\"widget\" data-e-type=\"widget\" data-widget_type=\"heading.default\">\n\t\t\t\t<div class=\"elementor-widget-container\">\n\t\t\t\t\t<h2 class=\"elementor-heading-title elementor-size-default\">Codification des danses<\/h2>\t\t\t\t<\/div>\n\t\t\t\t<\/div>\n\t\t\t\t<div class=\"elementor-element elementor-element-5d27431b elementor-widget elementor-widget-text-editor\" data-id=\"5d27431b\" data-element_type=\"widget\" data-e-type=\"widget\" data-widget_type=\"text-editor.default\">\n\t\t\t\t<div class=\"elementor-widget-container\">\n\t\t\t\t\t\t\t\t\t<p>Codifier une danse c\u2019est en d\u00e9finir les r\u00e8gles, les mouvements et sp\u00e9cificit\u00e9s; c\u2019est en \u00e9tablir les techniques de base. Autrement dit, codifier une danse, c\u2019est l\u2019\u00e9crire. Les danses africaines constituent une des valeurs culturelles fondamentales d\u2019Afrique et une source intarissable de cr\u00e9ativit\u00e9 ouverte au monde\u2026\u00a0<\/p>\t\t\t\t\t\t\t\t<\/div>\n\t\t\t\t<\/div>\n\t\t\t\t\t<\/div>\n\t\t<\/div>\n\t\t\t\t\t<\/div>\n\t\t<\/section>\n\t\t\t\t\t<\/div>\n\t\t<\/div>\n\t\t\t\t\t<\/div>\n\t\t<\/section>\n\t\t\t\t<\/div>\n\t\t","protected":false},"excerpt":{"rendered":"<p>Programmes de recherche en cours Hajj 100 years of Hajj memories in West Africa and the Maghreb Codification des danses Codifier une danse c\u2019est en d\u00e9finir les r\u00e8gles, les mouvements&hellip;<\/p>\n","protected":false},"author":1,"featured_media":0,"parent":0,"menu_order":0,"comment_status":"closed","ping_status":"closed","template":"elementor_header_footer","meta":{"footnotes":""},"class_list":["post-5935","page","type-page","status-publish","hentry"],"jetpack_sharing_enabled":true,"_links":{"self":[{"href":"https:\/\/urica.org\/index.php\/wp-json\/wp\/v2\/pages\/5935","targetHints":{"allow":["GET"]}}],"collection":[{"href":"https:\/\/urica.org\/index.php\/wp-json\/wp\/v2\/pages"}],"about":[{"href":"https:\/\/urica.org\/index.php\/wp-json\/wp\/v2\/types\/page"}],"author":[{"embeddable":true,"href":"https:\/\/urica.org\/index.php\/wp-json\/wp\/v2\/users\/1"}],"replies":[{"embeddable":true,"href":"https:\/\/urica.org\/index.php\/wp-json\/wp\/v2\/comments?post=5935"}],"version-history":[{"count":5,"href":"https:\/\/urica.org\/index.php\/wp-json\/wp\/v2\/pages\/5935\/revisions"}],"predecessor-version":[{"id":9922,"href":"https:\/\/urica.org\/index.php\/wp-json\/wp\/v2\/pages\/5935\/revisions\/9922"}],"wp:attachment":[{"href":"https:\/\/urica.org\/index.php\/wp-json\/wp\/v2\/media?parent=5935"}],"curies":[{"name":"wp","href":"https:\/\/api.w.org\/{rel}","templated":true}]}}