{"id":10424,"date":"2021-06-30T16:50:40","date_gmt":"2021-06-30T16:50:40","guid":{"rendered":"https:\/\/urica.org\/?page_id=10424"},"modified":"2022-08-08T19:58:43","modified_gmt":"2022-08-08T19:58:43","slug":"workshop","status":"publish","type":"page","link":"https:\/\/urica.org\/index.php\/workshop\/","title":{"rendered":"WORKSHOP"},"content":{"rendered":"\t\t<div data-elementor-type=\"wp-page\" data-elementor-id=\"10424\" class=\"elementor elementor-10424\" data-elementor-settings=\"{&quot;ha_cmc_init_switcher&quot;:&quot;no&quot;}\">\n\t\t\t\t\t\t<section class=\"elementor-section elementor-top-section elementor-element elementor-element-994529b elementor-section-content-middle elementor-section-boxed elementor-section-height-default elementor-section-height-default\" data-id=\"994529b\" data-element_type=\"section\" data-e-type=\"section\" data-settings=\"{&quot;background_background&quot;:&quot;classic&quot;,&quot;_ha_eqh_enable&quot;:false}\">\n\t\t\t\t\t\t\t<div class=\"elementor-background-overlay\"><\/div>\n\t\t\t\t\t\t\t<div class=\"elementor-container elementor-column-gap-default\">\n\t\t\t\t\t<div class=\"elementor-column elementor-col-100 elementor-top-column elementor-element elementor-element-0275b4c elementor-invisible\" data-id=\"0275b4c\" data-element_type=\"column\" data-e-type=\"column\" data-settings=\"{&quot;animation&quot;:&quot;fadeIn&quot;}\">\n\t\t\t<div class=\"elementor-widget-wrap elementor-element-populated\">\n\t\t\t\t\t\t<div class=\"elementor-element elementor-element-746f21d elementor-widget elementor-widget-heading\" data-id=\"746f21d\" data-element_type=\"widget\" data-e-type=\"widget\" data-widget_type=\"heading.default\">\n\t\t\t\t<div class=\"elementor-widget-container\">\n\t\t\t\t\t<h1 class=\"elementor-heading-title elementor-size-default\">WORKSHOP<\/h1>\t\t\t\t<\/div>\n\t\t\t\t<\/div>\n\t\t\t\t\t<\/div>\n\t\t<\/div>\n\t\t\t\t\t<\/div>\n\t\t<\/section>\n\t\t\t\t<section class=\"elementor-section elementor-top-section elementor-element elementor-element-01b5e58 elementor-section-boxed elementor-section-height-default elementor-section-height-default\" data-id=\"01b5e58\" data-element_type=\"section\" data-e-type=\"section\" data-settings=\"{&quot;background_background&quot;:&quot;classic&quot;,&quot;_ha_eqh_enable&quot;:false}\">\n\t\t\t\t\t\t<div class=\"elementor-container elementor-column-gap-default\">\n\t\t\t\t\t<div class=\"elementor-column elementor-col-100 elementor-top-column elementor-element elementor-element-50c9f3c\" data-id=\"50c9f3c\" data-element_type=\"column\" data-e-type=\"column\">\n\t\t\t<div class=\"elementor-widget-wrap elementor-element-populated\">\n\t\t\t\t\t\t<div class=\"elementor-element elementor-element-1847909 elementor-grid-1 elementor-grid-tablet-1 elementor-posts--thumbnail-left elementor-grid-mobile-1 elementor-widget elementor-widget-posts\" data-id=\"1847909\" data-element_type=\"widget\" data-e-type=\"widget\" data-settings=\"{&quot;classic_columns&quot;:&quot;1&quot;,&quot;classic_columns_tablet&quot;:&quot;1&quot;,&quot;pagination_type&quot;:&quot;numbers&quot;,&quot;classic_columns_mobile&quot;:&quot;1&quot;,&quot;classic_row_gap&quot;:{&quot;unit&quot;:&quot;px&quot;,&quot;size&quot;:35,&quot;sizes&quot;:[]},&quot;classic_row_gap_tablet&quot;:{&quot;unit&quot;:&quot;px&quot;,&quot;size&quot;:&quot;&quot;,&quot;sizes&quot;:[]},&quot;classic_row_gap_mobile&quot;:{&quot;unit&quot;:&quot;px&quot;,&quot;size&quot;:&quot;&quot;,&quot;sizes&quot;:[]}}\" data-widget_type=\"posts.classic\">\n\t\t\t\t<div class=\"elementor-widget-container\">\n\t\t\t\t\t\t\t<div class=\"elementor-posts-container elementor-posts elementor-posts--skin-classic elementor-grid\">\n\t\t\t\t<article class=\"elementor-post elementor-grid-item post-10607 post type-post status-publish format-standard has-post-thumbnail hentry category-rencontres category-workshop\">\n\t\t\t\t<a class=\"elementor-post__thumbnail__link\" href=\"https:\/\/urica.org\/index.php\/2023\/04\/10\/information\/\" >\n\t\t\t<div class=\"elementor-post__thumbnail\"><img fetchpriority=\"high\" decoding=\"async\" width=\"604\" height=\"840\" src=\"https:\/\/i0.wp.com\/urica.org\/wp-content\/uploads\/2023\/04\/uric_resultat.jpg?fit=604%2C840&amp;ssl=1\" class=\"attachment-full size-full wp-image-10608\" alt=\"\" srcset=\"https:\/\/i0.wp.com\/urica.org\/wp-content\/uploads\/2023\/04\/uric_resultat.jpg?w=604&amp;ssl=1 604w, https:\/\/i0.wp.com\/urica.org\/wp-content\/uploads\/2023\/04\/uric_resultat.jpg?resize=216%2C300&amp;ssl=1 216w, https:\/\/i0.wp.com\/urica.org\/wp-content\/uploads\/2023\/04\/uric_resultat.jpg?resize=200%2C278&amp;ssl=1 200w, https:\/\/i0.wp.com\/urica.org\/wp-content\/uploads\/2023\/04\/uric_resultat.jpg?resize=400%2C556&amp;ssl=1 400w, https:\/\/i0.wp.com\/urica.org\/wp-content\/uploads\/2023\/04\/uric_resultat.jpg?resize=600%2C834&amp;ssl=1 600w\" sizes=\"(max-width: 604px) 100vw, 604px\" \/><\/div>\n\t\t<\/a>\n\t\t\t\t<div class=\"elementor-post__text\">\n\t\t\t\t<h3 class=\"elementor-post__title\">\n\t\t\t<a href=\"https:\/\/urica.org\/index.php\/2023\/04\/10\/information\/\" >\n\t\t\t\tINFORMATION\t\t\t<\/a>\n\t\t<\/h3>\n\t\t\t\t<div class=\"elementor-post__meta-data\">\n\t\t\t\t\t<span class=\"elementor-post-date\">\n\t\t\tavril 10, 2023\t\t<\/span>\n\t\t\t\t<\/div>\n\t\t\t\t<div class=\"elementor-post__excerpt\">\n\t\t\t<p>L\u2019Unit\u00e9 de Recherche en Ing\u00e9nierie Culturelle et en Anthropologie (URICA) dans le cadre du projet de Renforcement du cadre de partenariat entre les acteurs publics et priv\u00e9s pour le financement et la valorisation des r\u00e9sultats de la recherche, (PPP-VRI) lance, le concours sous-r\u00e9gional de s\u00e9lection des inventeurs\/innovateurs, en vue de leur participation au Salon international des inventeurs\/innovateurs d\u2019Afrique de l\u2019Ouest,<\/p>\n\t\t<\/div>\n\t\t\n\t\t<a class=\"elementor-post__read-more\" href=\"https:\/\/urica.org\/index.php\/2023\/04\/10\/information\/\" aria-label=\"Read more about INFORMATION\" >\n\t\t\tVoir + \t\t<\/a>\n\n\t\t\t\t<\/div>\n\t\t\t\t<\/article>\n\t\t\t\t<article class=\"elementor-post elementor-grid-item post-10493 post type-post status-publish format-standard has-post-thumbnail hentry category-workshop\">\n\t\t\t\t<a class=\"elementor-post__thumbnail__link\" href=\"https:\/\/urica.org\/index.php\/2022\/08\/01\/professeur-ibrahima-thiaw-et-son-equipe-urica-honores-a-dar-es-salam\/\" >\n\t\t\t<div class=\"elementor-post__thumbnail\"><img decoding=\"async\" width=\"600\" height=\"290\" src=\"https:\/\/i0.wp.com\/urica.org\/wp-content\/uploads\/2022\/08\/297120730_150321337658604_4660353296381481962_n_resultat_1.jpg?fit=600%2C290&amp;ssl=1\" class=\"attachment-full size-full wp-image-10494\" alt=\"\" srcset=\"https:\/\/i0.wp.com\/urica.org\/wp-content\/uploads\/2022\/08\/297120730_150321337658604_4660353296381481962_n_resultat_1.jpg?w=600&amp;ssl=1 600w, https:\/\/i0.wp.com\/urica.org\/wp-content\/uploads\/2022\/08\/297120730_150321337658604_4660353296381481962_n_resultat_1.jpg?resize=300%2C145&amp;ssl=1 300w, https:\/\/i0.wp.com\/urica.org\/wp-content\/uploads\/2022\/08\/297120730_150321337658604_4660353296381481962_n_resultat_1.jpg?resize=200%2C97&amp;ssl=1 200w, https:\/\/i0.wp.com\/urica.org\/wp-content\/uploads\/2022\/08\/297120730_150321337658604_4660353296381481962_n_resultat_1.jpg?resize=400%2C193&amp;ssl=1 400w\" sizes=\"(max-width: 600px) 100vw, 600px\" \/><\/div>\n\t\t<\/a>\n\t\t\t\t<div class=\"elementor-post__text\">\n\t\t\t\t<h3 class=\"elementor-post__title\">\n\t\t\t<a href=\"https:\/\/urica.org\/index.php\/2022\/08\/01\/professeur-ibrahima-thiaw-et-son-equipe-urica-honores-a-dar-es-salam\/\" >\n\t\t\t\tProfesseur Ibrahima Thiaw et son \u00e9quipe Urica honor\u00e9s \u00e0 Dar Es Salam\t\t\t<\/a>\n\t\t<\/h3>\n\t\t\t\t<div class=\"elementor-post__meta-data\">\n\t\t\t\t\t<span class=\"elementor-post-date\">\n\t\t\tao\u00fbt 1, 2022\t\t<\/span>\n\t\t\t\t<\/div>\n\t\t\t\t<div class=\"elementor-post__excerpt\">\n\t\t\t<p>\u00ab\u00a0CHRONIC CONDITIONS : CHILDHOOD AND SOCIAL SUFFERING IN GLOBAL AFRICA\u00a0\u00bb Depuis 2021, le CICSC a fait progresser de multiples formes de recherche collaborative internationale con\u00e7ues pour favoriser de nouvelles connaissances et de nouveaux r\u00e9seaux ; il a lanc\u00e9 le premier institut mondial des sciences humaines en 2017. Ce CICSC \/ Institut Mellon Mondial des Sciences Humaines est un partenariat entre<\/p>\n\t\t<\/div>\n\t\t\n\t\t<a class=\"elementor-post__read-more\" href=\"https:\/\/urica.org\/index.php\/2022\/08\/01\/professeur-ibrahima-thiaw-et-son-equipe-urica-honores-a-dar-es-salam\/\" aria-label=\"Read more about Professeur Ibrahima Thiaw et son \u00e9quipe Urica honor\u00e9s \u00e0 Dar Es Salam\" >\n\t\t\tVoir + \t\t<\/a>\n\n\t\t\t\t<\/div>\n\t\t\t\t<\/article>\n\t\t\t\t<article class=\"elementor-post elementor-grid-item post-9532 post type-post status-publish format-standard has-post-thumbnail hentry category-rencontres category-workshop\">\n\t\t\t\t<div class=\"elementor-post__text\">\n\t\t\t\t<h3 class=\"elementor-post__title\">\n\t\t\t<a href=\"https:\/\/urica.org\/index.php\/2021\/03\/08\/urica-partage-avec-son-public-une-opportunite\/\" >\n\t\t\t\tURICA PARTAGE AVEC SON PUBLIC UNE OPPORTUNIT\u00c9\t\t\t<\/a>\n\t\t<\/h3>\n\t\t\t\t<div class=\"elementor-post__meta-data\">\n\t\t\t\t\t<span class=\"elementor-post-date\">\n\t\t\tmars 8, 2021\t\t<\/span>\n\t\t\t\t<\/div>\n\t\t\t\t<div class=\"elementor-post__excerpt\">\n\t\t\t<p>TR: New Wenner-Gren Engaged Research Grant Program<\/p>\n\t\t<\/div>\n\t\t\n\t\t<a class=\"elementor-post__read-more\" href=\"https:\/\/urica.org\/index.php\/2021\/03\/08\/urica-partage-avec-son-public-une-opportunite\/\" aria-label=\"Read more about URICA PARTAGE AVEC SON PUBLIC UNE OPPORTUNIT\u00c9\" >\n\t\t\tVoir + \t\t<\/a>\n\n\t\t\t\t<\/div>\n\t\t\t\t<\/article>\n\t\t\t\t<\/div>\n\t\t\n\t\t\t\t\t\t<\/div>\n\t\t\t\t<\/div>\n\t\t\t\t\t<\/div>\n\t\t<\/div>\n\t\t\t\t\t<\/div>\n\t\t<\/section>\n\t\t\t\t<\/div>\n\t\t","protected":false},"excerpt":{"rendered":"<p>WORKSHOP<\/p>\n","protected":false},"author":1,"featured_media":0,"parent":0,"menu_order":0,"comment_status":"closed","ping_status":"closed","template":"","meta":{"footnotes":""},"class_list":["post-10424","page","type-page","status-publish","hentry"],"jetpack_sharing_enabled":true,"_links":{"self":[{"href":"https:\/\/urica.org\/index.php\/wp-json\/wp\/v2\/pages\/10424","targetHints":{"allow":["GET"]}}],"collection":[{"href":"https:\/\/urica.org\/index.php\/wp-json\/wp\/v2\/pages"}],"about":[{"href":"https:\/\/urica.org\/index.php\/wp-json\/wp\/v2\/types\/page"}],"author":[{"embeddable":true,"href":"https:\/\/urica.org\/index.php\/wp-json\/wp\/v2\/users\/1"}],"replies":[{"embeddable":true,"href":"https:\/\/urica.org\/index.php\/wp-json\/wp\/v2\/comments?post=10424"}],"version-history":[{"count":10,"href":"https:\/\/urica.org\/index.php\/wp-json\/wp\/v2\/pages\/10424\/revisions"}],"predecessor-version":[{"id":10530,"href":"https:\/\/urica.org\/index.php\/wp-json\/wp\/v2\/pages\/10424\/revisions\/10530"}],"wp:attachment":[{"href":"https:\/\/urica.org\/index.php\/wp-json\/wp\/v2\/media?parent=10424"}],"curies":[{"name":"wp","href":"https:\/\/api.w.org\/{rel}","templated":true}]}}